 factors of n?
2, 3, 5
Let x(y) = -y**3 - 10*y**2 - 14*y - 145. What are the prime factors of x(-16)?
5, 17, 19
Let f = -15 - -19. Suppose f + 86 = 3*r. Let g = r + -13. What are the prime factors of g?
17
Suppose -1873 = -8*m - 585. Suppose -b = 3*k - m, k + 3*k = 3*b + 193. List the prime factors of k.
2, 13
Suppose -5*r + 219 + 166 = 0. Let n = -23 + r. What are the prime factors of n?
2, 3
Let g(h) be the first derivative of h**6/60 - h**5/120 - 2*h**3/3 - 2. Let s(b) be the third derivative of g(b). What are the prime factors of s(-1)?
7
List the prime factors of (7614/20 - 32/160)*4.
2, 761
Suppose 0 = 4*y - 16. What are the prime factors of 24 - 1 - y - (-3 + 1)?
3, 7
Let h = 489 - -510. What are the prime factors of h?
3, 37
Let m(l) = 2*l**2 - 2*l + 8. Let i be (4/(-14))/((-2)/28). Let p be 803/165 + i/30. What are the prime factors of m(p)?
2, 3
Let a(d) = 3*d - 21. Let n be a(7). Suppose -2*h + 101 + 9 = n. What are the prime factors of h?
5, 11
Let u = -74 - -70. List the prime factors of 88*(9/u - -3).
2, 3, 11
Let b(n) = 9*n**2 - 4*n + 7. Let p be b(4). Let q = 195 - p. What are the prime factors of q?
2, 3, 5
Suppose 0 = -2*w + 2*f + 4248, 8439 - 2061 = 3*w + 3*f. List the prime factors of w.
5, 17
Let h(r) = -r - 12 + 3*r + 2*r - 5*r. Let z be h(-13). List the prime factors of (-1 + 0 - -10)*z.
3
Let d be ((-2)/3)/(1/(-6)). Suppose -d*p + 4 = 12. List the prime factors of ((-1)/p)/(2/96).
2, 3
Let j = 71 - -39. What are the prime factors of (j/4)/(2/4)?
5, 11
Let y(j) = -j**3 + 6*j**2 - 2*j - 3. Suppose -5*a - 8 + 23 = 0. Let v be y(a). Suppose 0 = -b - 5*c + 3, -4*b - 6 = 2*c - v. What are the prime factors of b?
3
Let x(p) = 6*p**3 - 2*p**2 + 10*p - 5. List the prime factors of x(2).
5, 11
Let l be -9 - ((2 - 2) + -2). Let o = 9 + l. Suppose o*y - 69 - 41 = 0. List the prime factors of y.
5, 11
Let r = 4979 - 2232. List the prime factors of r.
41, 67
Suppose 582 - 2122 = -5*c. What are the prime factors of c?
2, 7, 11
Let o(b) = 2*b**2 - 4*b - 7. Suppose -1 = -r + 17. Suppose -15*l + r*l = -12. What are the prime factors of o(l)?
41
Let w = -22 - -187. List the prime factors of w.
3, 5, 11
Let y = 141 + -143. List the prime factors of y - ((-6)/3)/(10/965).
191
Let v(r) = -r**2 - 8*r + 13. Let m(p) = -p**2 - 9*p + 12. Let d(t) = -5*m(t) + 4*v(t). What are the prime factors of d(-15)?
2, 11
Let k = 370 + -48. List the prime factors of k.
2, 7, 23
Let h = 8 - -9. Let l = 19 - h. Suppose l*r = -10, 6*k - 2*k - 179 = 3*r. What are the prime factors of k?
41
Let o(b) = b**3 + 5*b**2 + 5*b - 28. What are the prime factors of o(7)?
5, 7, 17
Let n(i) = -3868*i**3 + 2*i**2 + 7*i + 5. List the prime factors of n(-1).
2, 967
Let f(g) = 163*g**2 + 2*g - 9. Let l be f(2). Suppose -3*k + l = -118. What are the prime factors of k?
3, 5, 17
Suppose 3*d = -4*o + 3924, 5*d - 4*d = -o + 1309. What are the prime factors of d?
2, 41
Let r = -233 - -728. List the prime factors of r.
3, 5, 11
Suppose -41*n + 48 = -17*n. Suppose 0 = -5*p - 2*f + 104, p + f - 10 = 12. List the prime factors of p/3 - n/(-6).
7
Suppose 2*k - 64 = 26. Suppose -5*j + 105 = -k. Suppose -2*p + 0 = -2, -2*p + j = 2*o. List the prime factors of o.
2, 7
Suppose 0 = -179*y + 180*y - 1134. What are the prime factors of y?
2, 3, 7
Let u(x) = x**2 + 10*x + 2. Let t(w) be the second derivative of w**5/20 - w**4/2 - w**3/6 - 5*w**2/2 + 9*w. Let k be t(6). What are the prime factors of u(k)?
13
What are the prime factors of ((-16)/6 + 0)/((-264)/300564)?
2, 3, 11, 23
Let n(w) = -54*w + 66. What are the prime factors of n(-35)?
2, 3, 163
Suppose 3*s - 152 - 81 = -a, -4*a + 4*s = -980. Suppose -52 = 5*w - a. List the prime factors of w.
2, 19
Let d(f) = 307*f - 192. List the prime factors of d(6).
2, 3, 5, 11
Let q = -8 + -1. Let f = q + 11. Suppose -f*y - 64 = -6*y. What are the prime factors of y?
2
Let k be 716/18 - 6/(-27). Suppose -x + k = 3*x. Suppose 6*s - 3*s + m = 103, -x = 2*m. List the prime factors of s.
2, 3
Suppose 0 = 3*f + n - 6689 - 5389, 0 = -5*n + 15. List the prime factors of f.
5, 7, 23
Suppose 3*w + 27 = -6*w. List the prime factors of (177*1)/(2/((-4)/w)).
2, 59
Let d be 2/4 - 56/(-16). Let x(m) = 42*m - 10. Let n be x(d). Suppose -n = -5*j - 8. What are the prime factors of j?
2, 3, 5
Let h(j) = -j**2 + 28 + j**2 - j**2 + j. Let z(n) = -2*n + 24. Let u be z(12). List the prime factors of h(u).
2, 7
Let q = -52 + 94. Suppose 45*p = q*p + 90. List the prime factors of p.
2, 3, 5
Let k be 12/3*22 - 0. Suppose f + f = -k. Let h = f - -68. What are the prime factors of h?
2, 3
Let y(k) = 709*k**3 + 16*k**2 - k - 12. Let p(t) = -236*t**3 - 5*t**2 + 4. Let g(b) = -7*p(b) - 2*y(b). List the prime factors of g(1).
5, 47
Suppose -2 = -j - 5. Let f(b) be the third derivative of b**5/60 - b**4/12 - b**3/6 + b**2 + 9. List the prime factors of f(j).
2, 7
Suppose 3*p - 225 = -5*o, 4*p - o + 5*o - 300 = 0. Suppose -p = 6*t - 9*t. List the prime factors of t.
5
Suppose 4*d = 2*i + 126, 0 = 2*d + 3*i - 7*i - 60. Let z = d + -36. Let v = z - -19. List the prime factors of v.
3, 5
Suppose -3*n = 15, 2*r + 2*r + 30 = 2*n. Let i = r - -74. List the prime factors of i.
2
Suppose 15 = i + 9. Suppose -2*d - 10 - 10 = -4*g, 4*g - i = -5*d. What are the prime factors of g?
2
Let r = -1422 - -4643. What are the prime factors of r?
3221
Let l(m) = -m**2 - 47*m - 15. List the prime factors of l(-12).
3, 5
Let h = -252 - -140. What are the prime factors of h/5*(-75)/30?
2, 7
Let i(n) = -2*n**3 - 3*n**2 - n. What are the prime factors of i(-6)?
2, 3, 5, 11
Suppose -268*k + 276*k - 344 = 0. List the prime factors of k.
43
Suppose -5*g + p + 45 = 0, 2*g + 74*p = 79*p - 5. Suppose 4*u + 22 = 2. Let i = g - u. List the prime factors of i.
3, 5
Suppose 14*k - 8001 + 77 = 0. List the prime factors of k.
2, 283
Let j = 84 - 74. Suppose 5*z - 12 = -s, -j = 4*z - 9*z. What are the prime factors of s?
2
Suppose -5*b - 5*v = -19180, -2*b + 2*v + 7660 = -2*v. List the prime factors of b.
2, 3, 71
Let n = -239 - -160. Let h = n - -53. Let d = h + 53. What are the prime factors of d?
3
Let f(r) = r**3 + 5*r**2 - r. Let s be f(-5). Suppose -61 = -h + 5*i, -s*h + 305 = 3*i - 6*i. What are the prime factors of h?
61
Let w = 44 + -44. Suppose -5*t + 395 = 4*r, 4*t - 5*r + r - 316 = w. List the prime factors of t.
79
Let d(k) = k**2 + 6*k + 7. Suppose -3*h - s = -h + 9, -3*h - 3*s - 6 = 0. Let q be d(h). Suppose q - 122 = -4*z. List the prime factors of z.
3
Let r(y) = -11*y - 8. Suppose -2*q - 36 = 4*q. What are the prime factors of r(q)?
2, 29
Suppose 4*y - y = 2*v - 2, -5*y = 2*v - 2. List the prime factors of (150/8)/(12/48) - y.
3, 5
Suppose 50*u - 14721 = 29*u. What are the prime factors of u?
701
Let j = -27 + 27. Suppose h - 2*u + u - 43 = j, -4*u = -2*h + 88. What are the prime factors of h?
2, 3, 7
Let l = -713 + 1016. List the prime factors of l.
3, 101
Let r(s) = -9*s + 24*s - 11 + 9*s + s. What are the prime factors of r(3)?
2
Let d(a) = 2*a**3 - 4*a**2 + 2. Suppose -5*h + 4 = o + 9, -o + h + 7 = 0. List the prime factors of d(o).
2, 19
Let i(q) = -1813*q + 313. What are the prime factors of i(-2)?
3, 13, 101
Let c(d) = -227*d - 95. List the prime factors of c(-7).
2, 3, 83
Let w(q) = 233*q**2 + 7*q + 8. What are the prime factors of w(-1)?
2, 3, 13
Let w be 2 - (5 + -1)*(-3)/6. Suppose -4*v - w*f + 284 = 0, -v + 2*f - 18 + 92 = 0. What are the prime factors of v?
2, 3
List the prime factors of (47 - 7)*20/8.
2, 5
Let t be (-32)/5 - 24/(-60). Let v(p) = p**3 + 8*p**2 - 5*p - 7. What are the prime factors of v(t)?
5, 19
Let j(v) = -v**2 + 11*v + 10. Let z be j(9). Let x = z - 33. Let k(c) = -c**3 - 2*c**2 + 2*c - 10. What are the prime factors of k(x)?
5, 11
Suppose -3*h - o + 7 = 2, -4 = 4*h - 4*o. Let g(z) = 100*z. Let j be g(h). Suppose 3*p - j = -p. What are the prime factors of p?
5
Let a(r) be the first derivative of 2*r**3/3 - 10*r**2 + 21*r + 1. What are the prime factors of a(13)?
3, 11
Suppose 0*f + 3*f + 14 = 4*t, 2*t + 5*f = -6. Suppose t*k = 7*k + 145. Let b = 50 + k. List the prime factors of b.
3, 7
Let w(u) = -33*u - 6. Let o be w(-3). Suppose o = -5*t - 3*i, 5*i = -3*t - 50 - 9. List the prime factors of (-12)/t + 381/9.
43
Let j be 4*4/16 - -25. Suppose -3*h = -2*k + 40, 3*k 